alculate the remainder when 19639 is divided by 285.
259
Calculate the remainder when 18466 is divided by 84.
70
Calculate the remainder when 244 is divided by 95.
54
Calculate the remainder when 28510 is divided by 337.
202
Calculate the remainder when 2129 is divided by 355.
354
Calculate the remainder when 5977 is divided by 373.
9
What is the remainder when 114770 is divided by 111?
107
Calculate the remainder when 119066 is divided by 98.
94
What is the remainder when 61339 is divided by 6804?
103
What is the remainder when 4961 is divided by 1263?
1172
What is the remainder when 1518 is divided by 360?
78
Calculate the remainder when 5041 is divided by 417.
37
Calculate the remainder when 21502048 is divided by 870.
868
What is the remainder when 11087119 is divided by 344?
343
What is the remainder when 44406 is divided by 358?
14
Calculate the remainder when 45927 is divided by 71.
61
Calculate the remainder when 6296 is divided by 21.
17
What is the remainder when 298512 is divided by 74625?
12
Calculate the remainder when 1970410 is divided by 17.
8
What is the remainder when 408 is divided by 67?
6
Calculate the remainder when 255818 is divided by 127903.
12
What is the remainder when 609 is divided by 87?
0
Calculate the remainder when 461449 is divided by 128.
9
Calculate the remainder when 1524 is divided by 325.
224
What is the remainder when 4256 is divided by 35?
21
What is the remainder when 3778 is divided by 947?
937
Calculate the remainder when 124823 is divided by 15.
8
Calculate the remainder when 265 is divided by 208.
57
Calculate the remainder when 40519 is divided by 72.
55
Calculate the remainder when 2899 is divided by 840.
379
What is the remainder when 170835 is divided by 403?
366
Calculate the remainder when 50134 is divided by 1167.
1120
Calculate the remainder when 833 is divided by 356.
121
Calculate the remainder when 395786 is divided by 197882.
22
What is the remainder when 2412 is divided by 451?
157
Calculate the remainder when 237539 is divided by 370.
369
What is the remainder when 84101 is divided by 57?
26
What is the remainder when 1941 is divided by 19?
3
Calculate the remainder when 13543 is divided by 19.
15
What is the remainder when 64465 is divided by 5370?
25
Calculate the remainder when 39077 is divided by 108.
89
Calculate the remainder when 206935 is divided by 342.
25
Calculate the remainder when 4363 is divided by 902.
755
Calculate the remainder when 38932 is divided by 241.
131
What is the remainder when 51680 is divided by 1914?
2
What is the remainder when 102220 is divided by 20437?
35
What is the remainder when 4547 is divided by 2242?
63
Calculate the remainder when 46800 is divided by 118.
72
What is the remainder when 24645 is divided by 6?
3
What is the remainder when 63751 is divided by 198?
193
Calculate the remainder when 2859702 is divided by 64.
54
Calculate the remainder when 43635 is divided by 10864.
179
What is the remainder when 29843 is divided by 27?
8
Calculate the remainder when 356 is divided by 179.
177
What is the remainder when 3688 is divided by 47?
22
Calculate the remainder when 1016733 is divided by 508366.
1
What is the remainder when 2950 is divided by 328?
326
What is the remainder when 35533 is divided by 5074?
15
What is the remainder when 698396 is divided by 349198?
0
Calculate the remainder when 18540 is divided by 349.
43
What is the remainder when 22685 is divided by 49?
47
What is the remainder when 2684 is divided by 342?
290
What is the remainder when 268192 is divided by 360?
352
Calculate the remainder when 184683 is divided by 97.
92
What is the remainder when 26310 is divided by 17?
11
Calculate the remainder when 2928605 is divided by 958.
957
Calculate the remainder when 31839 is divided by 44.
27
What is the remainder when 29587 is divided by 194?
99
What is the remainder when 15634 is divided by 238?
164
What is the remainder when 5923 is divided by 1720?
763
Calculate the remainder when 4417 is divided by 446.
403
Calculate the remainder when 26597 is divided by 5288.
157
What is the remainder when 61192 is divided by 20393?
13
What is the remainder when 2080 is divided by 614?
238
What is the remainder when 655 is divided by 84?
67
What is the remainder when 346344 is divided by 314?
2
Calculate the remainder when 75702 is divided by 32.
22
What is the remainder when 15612 is divided by 49?
30
Calculate the remainder when 7354 is divided by 33.
28
Calculate the remainder when 3211 is divided by 21.
19
What is the remainder when 13029 is divided by 1017?
825
Calculate the remainder when 1526 is divided by 39.
5
What is the remainder when 23076 is divided by 7552?
420
Calculate the remainder when 305227 is divided by 233.
230
What is the remainder when 47168 is divided by 2143?
22
Calculate the remainder when 27697 is divided by 6762.
649
What is the remainder when 61509 is divided by 843?
813
Calculate the remainder when 482813 is divided by 51.
47
What is the remainder when 18049 is divided by 5845?
514
What is the remainder when 544570 is divided by 30?
10
Calculate the remainder when 12184 is divided by 189.
88
Calculate the remainder when 5992 is divided by 81.
79
Calculate the remainder when 1294 is divided by 160.
14
Calculate the remainder when 35634 is divided by 11878.
0
What is the remainder when 15392 is divided by 1128?
728
Calculate the remainder when 3309 is divided by 167.
136
Calculate the remainder when 8583 is divided by 16.
7
Calculate the remainder when 43060 is divided by 61.
55
Calculate the remainder when 9554 is divided by 115.
9
Calculate the remainder when 24843 is divided by 296.
275
What is the remainder when 117307 is divided by 24?
19
What is the remainder when 8866 is divided by 493?
485
Calculate the remainder when 33546 is divided by 25.
21
What is the remainder when 1160451 is divided by 62?
59
Calculate the remainder when 837 is divided by 16.
5
Calculate the remainder when 728 is divided by 232.
32
Calculate the remainder when 17893 is divided by 8937.
19
Calculate the remainder when 65869 is divided by 117.
115
What is the remainder when 3155 is divided by 159?
134
What is the remainder when 2153427 is divided by 639?
636
What is the remainder when 42667 is divided by 42656?
11
What is the remainder when 6315 is divided by 1445?
535
What is the remainder when 23659 is divided by 7878?
25
Calculate the remainder when 26518 is divided by 26510.
8
What is the remainder when 31716 is divided by 130?
126
Calculate the remainder when 28644 is divided by 58.
50
What is the remainder when 926218 is divided by 86?
84
Calculate the remainder when 54559 is divided by 7793.
8
Calculate the remainder when 13638 is divided by 4494.
156
What is the remainder when 173181 is divided by 13?
8
Calculate the remainder when 7620 is divided by 1385.
695
Calculate the remainder when 26908 is divided by 645.
463
Calculate the remainder when 994 is divided by 82.
10
Calculate the remainder when 355186 is divided by 88793.
14
What is the remainder when 5840 is divided by 973?
2
What is the remainder when 2999 is divided by 344?
247
Calculate the remainder when 57506 is divided by 131.
128
What is the remainder when 11690 is divided by 2336?
10
Calculate the remainder when 2709460 is divided by 683.
682
What is the remainder when 1033600 is divided by 143?
139
What is the remainder when 28702 is divided by 194?
184
Calculate the remainder when 8751 is divided by 4373.
5
Calculate the remainder when 23898 is divided by 613.
604
Calculate the remainder when 128500 is divided by 726.
724
Calculate the remainder when 8889 is divided by 45.
24
What is the remainder when 68662 is divided by 38?
34
What is the remainder when 4458 is divided by 50?
8
What is the remainder when 95401 is divided by 31797?
10
Calculate the remainder when 3103 is divided by 57.
25
What is the remainder when 216303 is divided by 88?
87
Calculate the remainder when 19056 is divided by 347.
318
What is the remainder when 1635 is divided by 118?
101
What is the remainder when 525518 is divided by 313?
304
What is the remainder when 1720 is divided by 1103?
617
Calculate the remainder when 4300 is divided by 336.
268
Calculate the remainder when 20793 